= 30*y**2 - 10172*y + 10823. Determine x(338).
7
Let i(y) = -19*y**3 + 10810*y**2 + 573*y - 2266. What is i(569)?
10
Let x(m) = 9*m**3 - 549*m**2 - 49*m + 2970. Give x(61).
-19
Let y(z) = z**3 - 37*z**2 - 241*z + 13731. Give y(29).
14
Let h(d) = -d**3 + 4*d**2 + 54*d - 844. Calculate h(-10).
16
Let o(x) = -1205*x - 79544. Calculate o(-66).
-14
Let s(r) = -4*r**2 - 475*r + 12007. Give s(24).
-1697
Let m(n) = 1838*n - 657890. Give m(358).
114
Let x(d) = -d**3 - 1208*d**2 + 8613*d + 131219. Give x(-1215).
-1
Let u(c) = 2*c**3 - 37*c**2 + 174*c - 121. Calculate u(10).
-81
Let a(f) = -f**2 + 47*f - 375. What is a(40)?
-95
Let b(p) = -141*p**2 + 1882*p - 9396. Determine b(5).
-3511
Let o(l) = -1141*l**2 - 18236*l + 114. What is o(-16)?
-206
Let z(w) = -84*w**2 - 9163*w + 28241. What is z(3)?
-4
Let b(y) = 16191*y - 518116. Calculate b(32).
-4
Let q(a) = -3*a**3 - 636*a**2 + 4600*a + 549. Calculate q(-219).
330
Let s(r) = 34*r**2 - 578*r - 2866. Give s(21).
-10
Let c(k) = 827409*k - 11583716. Calculate c(14).
10
Let n(h) = -35*h**3 - 2*h**2 + 3320*h + 6642. Calculate n(-2).
274
Let d(f) = 4*f**3 - 610*f**2 + 308*f - 858. Determine d(152).
-250
Let p(s) = 406*s**2 + 163*s - 329. Give p(2).
1621
Let x(c) = -c**3 + 78*c**2 + 2087*c + 27. Calculate x(99).
819
Let t(h) = -9*h**2 + 812*h + 2460. Calculate t(0).
2460
Let u(m) = m**3 + 43*m**2 + 195*m + 220. Determine u(-39).
-1301
Let a(x) = 5*x**2 + 173383*x - 1387388. What is a(8)?
-4
Let k(q) = 4*q**3 - 145*q**2 + 173*q + 159. Give k(35).
89
Let u(j) = -77*j - 9762. Determine u(-129).
171
Let g(l) = -95034*l - 285132. Calculate g(-3).
-30
Let m(f) = 672888*f - 7401770. What is m(11)?
-2
Let n(c) = -1103*c + 1261. Calculate n(0).
1261
Let n(z) = -41*z**2 + 265*z + 11. What is n(7)?
-143
Let q(j) = 16*j**2 + 644*j + 4609. Calculate q(-31).
21
Let z(y) = -457*y + 245. Give z(-1).
702
Let a(g) = 580356*g + 580367. Give a(-1).
11
Let r(f) = 25*f**2 + 151*f - 27. Determine r(-10).
963
Let v(h) = -3885218*h - 23311302. What is v(-6)?
6
Let p(m) = -m**3 - 139*m**2 - 435*m - 3847. Give p(-136).
-175
Let d(o) = 2*o**2 + 2455*o + 690189. Give d(-436).
1
Let y(r) = 2*r**3 - 26*r**2 + 136*r - 68. Give y(7).
296
Let s(k) = -87614*k - 14719147. Give s(-168).
5
Let y(w) = 4*w**2 + 4676*w + 27885. Determine y(-6).
-27
Let a(m) = -151*m**3 - 133*m**2 - 142*m - 9. What is a(-1)?
151
Let s(c) = 10768*c + 172335. What is s(-16)?
47
Let n(h) = -h**3 + 431*h**2 + 11115*h + 4690. Calculate n(-24).
10
Let h(x) = -27*x**2 + 7866*x + 13189. Give h(293).
4
Let s(p) = 1747*p + 823. Calculate s(-3).
-4418
Let n(d) = -401*d + 4600. Determine n(13).
-613
Let x(l) = 1324*l**3 + 2*l**2 - l - 4. What is x(-1)?
-1325
Let z(l) = -2*l**3 + 56*l**2 - 414*l + 125. Determine z(7).
-715
Let z(g) = -g**2 + 89235*g - 1070658. What is z(12)?
18
Let w(v) = 3*v**3 + 61*v**2 + 765*v + 14927. Calculate w(-20).
27
Let a(r) = r**3 + 280*r**2 - 1142*r - 1715. What is a(-284)?
-11
Let f(b) = 651261*b - 4558833. Determine f(7).
-6
Let h(l) = l**2 + 212*l - 28369. What is h(-305)?
-4
Let k(q) = 533*q - 58275. Determine k(108).
-711
Let z(w) = 123401*w - 740385. Give z(6).
21
Let j(z) = -544*z + 22852. Give j(43).
-540
Let h(v) = 2*v**2 + 545*v + 32824. Give h(-89).
161
Let d(v) = 8*v**2 + 140*v - 2688. Determine d(16).
1600
Let d(b) = 19943*b - 159547. Give d(8).
-3
Let b(m) = m**2 + 17452*m - 840001. Calculate b(48).
-1
Let x(b) = 1082*b - 10240. Give x(11).
1662
Let x(z) = 70*z + 72. Determine x(6).
492
Let i(h) = -9*h**3 + 236*h**2 - 166*h + 2960. Determine i(26).
-4
Let k(m) = 2083*m + 331. Calculate k(0).
331
Let a(s) = 88*s**3 + 4483*s**2 - 186*s + 3525. What is a(-51)?
6
Let v(n) = n**3 - 84*n**2 + 882*n - 209. Determine v(72).
1087
Let z(d) = 2*d**3 + 170*d**2 + 1675*d + 524. Determine z(-11).
7
Let o(x) = -4*x**3 - 664*x**2 - 141*x - 23397. Give o(-166).
9
Let s(j) = -3465*j - 329164. What is s(-95)?
11
Let z(x) = -x**3 - 19*x**2 + 373*x + 6901. Determine z(-21).
-50
Let d(k) = -40*k**2 - 32*k - 57. Determine d(-6).
-1305
Let f(w) = -79*w + 5115. Calculate f(65).
-20
Let l(b) = 3*b**2 - 261*b + 3617. What is l(70)?
47
Let k(h) = 210*h + 1998. Calculate k(-12).
-522
Let d(c) = 2*c**3 - 581*c**2 - 1420*c + 823678. Calculate d(288).
-2
Let j(v) = 6447*v - 32139. Calculate j(5).
96
Let t(w) = -41*w**3 - 10*w**2 - 63*w - 139. What is t(-3)?
1067
Let a(g) = g**3 - 153*g**2 + 4643*g + 12825. Give a(46).
-9
Let o(j) = 4673*j - 2752396. Calculate o(589).
1
Let x(b) = 14028*b - 855692. Determine x(61).
16
Let c(u) = 4*u**2 + 139*u + 328. Calculate c(-33).
97
Let g(x) = 40*x + 1217. What is g(-24)?
257
Let q(a) = 5*a**2 + 113*a + 477. What is q(-7)?
-69
Let l(d) = 636*d + 132902. Calculate l(-209).
-22
Let x(g) = g**2 + 573*g + 80157. Give x(-243).
-33
Let r(f) = f**3 - 23*f**2 - 260*f + 1. Calculate r(32).
897
Let u(w) = -125001*w - 625027. What is u(-5)?
-22
Let z(h) = h**3 + 98*h**2 + 36*h + 988. What is z(-98)?
-2540
Let z(x) = -x**3 + 87*x**2 + 149*x - 12700. Determine z(87).
263
Let q(d) = -d**3 - 2*d**2 + 22*d + 327. Calculate q(8).
-137
Let f(t) = 2*t**2 - 50*t - 1804. Calculate f(-19).
-132
Let q(r) = 5*r**3 - 195*r**2 - 169*r + 26. Calculate q(-1).
-5
Let p(k) = 12*k**2 + 3289*k - 19816. What is p(6)?
350
Let n(c) = c**3 + 97*c**2 - 83*c - 17194. Calculate n(-96).
-10
Let w(l) = l**2 + 134*l + 2455. Calculate w(-23).
-98
Let s(w) = -w**3 - 267*w**2 - 17728*w - 2311. Calculate s(-144).
-7
Let s(a) = -5061*a**2 - 182204*a - 286. Give s(-36).
2
Let v(l) = 4051*l + 80970. What is v(-20)?
-50
Let i(g) = -51*g**2 - 390*g + 2297. Give i(6).
-1879
Let w(o) = -o**2 - 513*o - 12253. Determine w(-25).
-53
Let l(b) = 794*b + 2444. What is l(-4)?
-732
Let h(t) = -556727*t + 1113433. What is h(2)?
-21
Let r(l) = 2271*l - 29619. Calculate r(13).
-96
Let o(k) = 3*k**2 - 217*k - 214. Give o(72).
-286
Let x(s) = -1699*s - 361897. Calculate x(-213).
-10
Let t(l) = -l**3 - 40*l**2 - 20*l + 13. What is t(-38)?
-2115
Let q(c) = -5274*c + 354033. Calculate q(67).
675
Let u(y) = 9*y**2 - 369*y - 2230. What is u(-6)?
308
Let d(n) = -3614*n - 177093. Calculate d(-49).
-7
Let c(b) = -98*b**2 - 242*b - 4. Give c(-3).
-160
Let j(o) = -92*o**2 - 326*o - 24. What is j(-5)?
-694
Let a(c) = -2476*c - 188101. Give a(-76).
75
Let h(y) = -y**3 - 63*y**2 + 7567*y - 256. What is h(61)?
-73
Let m(t) = t**3 - 5*t**2 - 25145*t + 150850. What is m(6)?
16
Let t(z) = 3*z**3 + 127*z**2 - 421*z - 14404. Calculate t(-43).
1
Let f(r) = -2*r**3 + 1586*r**2 - 3175*r + 8688. Give f(791).
-13
Let h(p) = -3301*p - 6584. What is h(-2)?
18
Let r(s) = 4*s**3 + 62*s**2 - 1315*s - 52. What is r(12)?
8
Let i(j) = 2329*j + 3739. Determine i(-2).
-919
Let k(r) = 1673*r + 13198. Give k(-8).
-186
Let y(d) = 8*d**2 - 54*d - 115751. Give y(-117).
79
Let z(r) = -r**3 + 726*r**2 - 2787*r + 446812. Give z(723).
-2
Let l(t) = 3639*t + 16494. Give l(-5).
-1701
Let b(v) = -v**3 + 21*v**2 + 1097*v - 25299. What is b(27)?
-54
Let m(o) = 5680*o + 5803. Calculate m(-1).
123
Let p(w) = 721*w - 1907. What is p(4)?
977
Let d(x) = 2*x**3 + 469*x**2 + 102*x + 79193. Calculate d(-235).
-2
Let r(o) = -192*o**2 - 78*o - 132. Calculate r(-2).
-744
Let o(q) = -q**3 - 47*q**2 - 161*q + 299. Determine o(-43).
-174
Let o(x) = -5*x**2 - 16*x + 207. Calculate o(-14).
-549
Let f(j) = -2*j**2 + 24*j + 1219. What is f(32)?
-61
Let i(m) = 4*m**3 + 81*m**2 + 79*m + 1183. Determine i(-20).
3
Let n(c) = -15*c**2 - 571*c - 2229. Calculate n(-4).
-185
Let s(b) = 85984*b + 257955. What is s(-3)?
3
Let z(r) = 5*r**2 + 755*r + 19476. Determine z(-118).
6
Let n(i) = -332*i**3 - 6*i + 4. Give n(1).
-334
Let s(l) = 35121*l + 29. Calculate s(0).
29
Let z(n) = 160*n**2 - 1457*n + 2915. What is z(3)?
-16
Let j(k) = 2*k**2 + 1273*k + 88292. Give j(-80).
-748
Let u(z) = z**2 + 19049*z - 457. Calculate u(0).
-457
Let s(m) = 2*m**2 + 5*m - 1985. Give s(36).
787
Let d(z) = 32383*z + 32758. Calculate d(-1).
375
Let i(t) = t**3 - 214*t**2 + 422*t + 470. What is i(212)?
46
Let m(q) = -777*q + 58320. Give m(75).
45
Let t(u) = -1372*u**2 - 5490*u + 69. What is t(-4)?
77
Let u(n) = -196*n**2 + 24138*n - 3687. Calculate u(123).
3
Let k(c) = 140*c**2 + 16179*c - 16173. Give k(1).
146
Let m(b) = 3*b**3 - 7*b**2 + 339*b - 1391. Calculate m(4).
45
Let h(g) = -g**3 + 